
What is -21002021101 (base 4) in base 9?
-4408351
450077 (base 9) to base 12
10b867
722646 (base 9) to base 13
12002a
What is -160ca (base 14) in base 2?
-1101011100010010
-2505350 (base 6) to base 9
-223003
What is 16783 (base 9) in base 3?
120212210
What is -32475 (base 14) in base 4?
-131230113
What is 1100101010102 (base 3) in base 9?
1311112
102313420 (base 7) to base 5
3022213120
17743 (base 8) to base 4
1333203
3c4c99 (base 14) to base 13
58147a
What is -31494 (base 10) in base 2?
-111101100000110
-11020010022 (base 4) to base 9
-2467250
1000110111111100100 (base 2) to base 8
1067744
What is -100112001120 (base 3) in base 4?
-231300003
Convert -112425 (base 7) to base 13.
-91cb
Convert 1042240204 (base 5) to base 10.
2305679
What is -2523502 (base 7) in base 5?
-40403121
Convert -b50912 (base 12) to base 9.
-5311615
What is 3475167 (base 9) in base 6?
104144441
Convert -1230322411 (base 5) to base 16.
-2d7793
-313601314 (base 7) to base 15
-196cd41
Convert -7322622 (base 8) to base 10.
-1942930
Convert -114002 (base 6) to base 10.
-9938
-1110001110010101 (base 2) to base 8
-161625
-6755514 (base 9) to base 13
-9a5391
-220302141 (base 5) to base 9
-1703242
-21201221002 (base 3) to base 7
-1203023
-44100335 (base 6) to base 8
-5006743
Convert -2b2b5 (base 12) to base 9.
-102482
-2646a7 (base 13) to base 16
-e18f3
What is -2202212221 (base 3) in base 7?
-315106
-4cab8 (base 15) to base 4
-323322233
What is 998056 (base 12) in base 3?
11120222001110
2179678 (base 10) to base 2
1000010100001001011110
What is 17b846 (base 13) in base 11?
378423
280252 (base 10) to base 8
1043274
What is -110001001110101011 (base 2) in base 11?
-128552
Convert -2775aa (base 15) to base 10.
-1898035
Convert 1301524 (base 6) to base 11.
48987
Convert -231031130 (base 5) to base 6.
-34051430
Convert -2200121102200 (base 3) to base 13.
-3b0670
Convert 201110100020 (base 3) to base 14.
9d7d4
Convert -2232032 (base 6) to base 4.
-123220310
-113b4 (base 14) to base 3
-2010111002
What is 423354 (base 7) in base 15?
16a80
-112323320 (base 4) to base 7
-540614
Convert -338bf8 (base 16) to base 14.
-63d17a
What is 2040361 (base 8) in base 14?
1011a9
-a5410a (base 11) to base 10
-1689170
2159bb0 (base 12) to base 4
120030101310
Convert -875c3 (base 14) to base 6.
-11005023
4d362b (base 15) to base 3
20222100020112
Convert 5352505 (base 6) to base 13.
93050
99009 (base 13) to base 12
114253
Convert -2162315 (base 7) to base 13.
-948cb
Convert 1206914 (base 10) to base 7.
13154462
Convert 1430277 (base 8) to base 3.
202121111202
What is 5045275 (base 9) in base 8?
12200534
-128318 (base 9) to base 5
-10001023
Convert -1485764 (base 11) to base 3.
-11210001212022
What is -100341105 (base 6) in base 11?
-a67598
What is -248771 (base 10) in base 4?
-330233003
-582813 (base 10) to base 5
-122122223
Convert -4b46e (base 15) to base 4.
-322233311
Convert -6bfa (base 16) to base 7.
-143406
What is -26101 (base 15) in base 4?
-131231332
-1356521 (base 7) to base 5
-21314033
-106052 (base 10) to base 14
-2a912
35c8ca (base 14) to base 10
1840226
What is 26caf (base 16) in base 5?
20041040
4424205 (base 6) to base 9
366455
What is -112295 (base 10) in base 11?
-77407
What is 281888 (base 11) in base 10?
441625
-111011000011111000 (base 2) to base 15
-4ba27
Convert 3c4542 (base 13) to base 4.
11211332322
6605157 (base 10) to base 15
8a713c
4173 (base 15) to base 16
3609
What is 434685 (base 10) in base 12?
18b679
Convert 1032650 (base 8) to base 5.
32312010
Convert 144111503 (base 6) to base 12.
1005593
909353 (base 14) to base 7
56233633
3087121 (base 10) to base 7
35145232
-7e5b94 (base 16) to base 13
-193c2b6
What is 133103112 (base 5) in base 16?
a4e4f
-26366651 (base 7) to base 2
-1001001110110111100011
3004415 (base 6) to base 3
21011101202
Convert 440030422 (base 5) to base 3.
10112100202001
Convert a49651 (base 15) to base 7.
123352210
-712172 (base 9) to base 6
-13011232
6243064 (base 7) to base 8
2671153
Convert -108918 (base 15) to base 7.
-6462416
453276 (base 9) to base 12
1110a3
What is 2e8e4 (base 16) in base 3?
100200120200
What is -11da8a0 (base 14) in base 11?
-494126a
What is -1001001110000101 (base 2) in base 6?
-450501
282503 (base 9) to base 2
101010000110100100
What is -48236 (base 9) in base 16?
-7e0f
499b3 (base 16) to base 4
1021212303
What is 94656 (base 11) in base 5?
13403010
What is -2131571 (base 8) in base 2?
-10001011001101111001
What is -29896 (base 10) in base 13?
-107b9
-a9590 (base 11) to base 5
-20042333
Convert -131203323 (base 4) to base 5.
-12333313
Convert -20002220011 (base 3) to base 9.
-202804
-3567068 (base 10) to base 8
-15466734
What is 561432 (base 8) in base 10?
189210
Convert -744aa46 (base 11) to base 4.
-302002230321
What is -5755181 (base 9) in base 14?
-5ac4b6
What is 34207a7 (base 12) in base 16?
98866f
What is -9d220b (base 15) in base 3?
-112010000200002
Convert -3217232 (base 9) to base 15.
-240d6b
What is 204441312 (base 5) in base 16?
d1b4d
Convert 130431454 (base 7) to base 15.
ae2544
Convert -10a3096 (base 13) to base 7.
-61340405
Convert -13687136 (base 10) to base 13.
-2ab2bc8
255111 (base 14) to base 7
13615421
What is -30335 (base 13) in base 11?
-59875
What is -21020221002 (base 3) in base 7?
-1133264
5174427 (base 8) to base 12
563507
-4b1e (base 16) to base 4
-10230132
Convert -d553 (base 14) to base 12.
-19305
What is 706446 (base 13) in base 2?
1001111101111011100111
What is 16a9a49 (base 14) in base 6?
1035204425
What is -21121443 (base 6) in base 11?
-391857
Convert 2322510 (base 6) to base 2.
11101010000101010
-ba55b1 (base 12) to base 8
-13211425
What is 57820 (base 12) in base 2?
11100100011011000
1e1d3 (base 16) to base 9
207172
404324224 (base 5) to base 3
10002010102121
-52815 (base 11) to base 10
-76851
-130715 (base 13) to base 9
-767445
-30b84 (base 13) to base 6
-1513442
-1112421 (base 5) to base 16
-4d18
Convert 10011010001000100001 (base 2) to base 3.
1012002000120
What is -660567 (base 8) in base 4?
-312011313
Convert 263225 (base 9) to base 10.
159836
1b6899a (base 12) to base 9
12025211
171857 (base 10) to base 14
468b7
What is -1112110120100 (base 3) in base 9?
-1473510
214006254 (base 7) to base 16
c3b550
Convert 1695a (base 14) to base 9.
85726
What is -766534 (base 9) in base 2?
-1101111101100101111
What is -411958 (base 11) in base 16?
-a1750
Convert 31445310 (base 6) to base 2.
11100001100100101010
4d58b (base 15) to base 9
416615
What is 24555588 (base 9) in base 14?
184dc4a
Convert -1010212102002 (base 3) to base 5.
-123420211
Convert 11101001011101010010 (base 2) to base 3.
1210120201101
11222501 (base 9) to base 2
10100110001111101000110
Convert 66643110 (base 7) to base 9.
11746376
1075757 (base 8) to base 6
10144303
Convert 590864 (base 14) to base 5.
1234132040
-237da4 (base 15) to base 8
-6363061
What is 1644737 (base 9) in base 11?
57590a
Convert -10100111001011100011 (base 2) to base 3.
-1021210022220
-161214 (base 10) to base 14
-42a74
234705 (base 10) to base 9
386853
What is -1231024 (base 5) in base 7?
-126435
Convert 752520 (base 9) to base 16.
6d61d
1002012100202 (base 3) to base 2
10001100010011111011
Convert -311312010 (base 4) to base 15.
-45533
-221020100221 (base 3) to base 5
-111343332
101000101011000011001 (base 2) to base 11
830361
What is 908990 (base 10) in base 15?
12e4e5
What is -10013652 (base 8) in base 16?
-2017aa
Convert -998e (base 16) to base 2.
-1001100110001110
30411603 (base 7) to base 8
11542542
What is 54e73 (base 16) in base 9?
580033
26b93 (base 12) to base 4
31010133
a1f8f (base 16) to base 5
132212224
77e319 (base 15) to base 13
1252803
What is 17b53 (base 15) in base 16?
12c03
Convert 112453033 (base 6) to base 8.
7764155
125261a (base 11) to base 3
11002021001122
Convert -10111010011000101100011 (base 2) to base 10.
-6107491
Convert 114d3d (base 15) to base 7.
10011400
Convert 1110111010110100 (base 2) to base 6.
1150524
What is 78a605 (base 12) in base 8?
7261345
Convert -a59 (base 15) to base 5.
-33314
212200101021000 (base 3) to base 8
60003724
-4727121 (base 9) to base 7
-30511033
What is -2143144132 (base 5) in base 11?
-26a4a41
What is -180c8c8 (base 13) in base 10?
-7825033
Convert 10104331321 (base 5) to base 10.
10230211
What is ef4